9
Calculate the highest common factor of 6704216 and 2451.
43
What is the greatest common divisor of 312 and 873106?
26
What is the greatest common factor of 6904 and 26204132?
3452
Calculate the highest common factor of 1001 and 110550517.
77
What is the greatest common factor of 162587385 and 17311?
2473
What is the greatest common factor of 67998304 and 220?
44
What is the greatest common factor of 1174060 and 16920?
940
What is the highest common divisor of 1188 and 40555188?
108
What is the greatest common factor of 11908 and 576627038?
5954
What is the highest common divisor of 2496 and 226695768?
312
Calculate the greatest common factor of 3913018 and 548928.
1906
What is the highest common divisor of 634146 and 192?
6
What is the greatest common factor of 42 and 17181801?
21
Calculate the highest common factor of 364 and 8135596.
28
Calculate the greatest common factor of 341 and 316882.
31
What is the greatest common divisor of 455 and 20643?
7
What is the highest common divisor of 1576261 and 108134?
4159
Calculate the greatest common factor of 6589 and 1794005.
599
Calculate the greatest common factor of 357213 and 11022.
501
What is the highest common factor of 20243552 and 28?
28
Calculate the highest common factor of 1904 and 1703874368.
1904
Calculate the highest common divisor of 3785033 and 595.
119
Calculate the greatest common divisor of 7763961 and 545.
109
What is the highest common factor of 1030 and 3560430?
10
What is the highest common factor of 5197563 and 31059?
1071
Calculate the highest common factor of 74 and 1445183.
37
What is the highest common factor of 235418355 and 11043?
3681
Calculate the highest common factor of 848 and 6500821.
53
Calculate the highest common factor of 5113452 and 71004.
1164
What is the greatest common divisor of 29 and 513044191?
29
Calculate the highest common factor of 10710775 and 475.
475
Calculate the greatest common divisor of 118546435 and 210.
35
Calculate the highest common divisor of 571 and 247747193.
571
What is the highest common factor of 4 and 6165136?
4
What is the greatest common factor of 3465 and 161673050?
385
What is the greatest common factor of 31420073 and 4775?
191
Calculate the highest common divisor of 3306 and 106742.
38
Calculate the highest common factor of 61864367 and 123.
41
Calculate the greatest common factor of 106873 and 3900.
13
What is the greatest common factor of 3616 and 265184?
32
Calculate the greatest common divisor of 1444634681 and 406.
203
What is the greatest common divisor of 1582560 and 5027140?
3140
Calculate the greatest common factor of 292 and 3196544.
4
Calculate the greatest common factor of 354885524 and 140.
28
Calculate the highest common factor of 3555015 and 17350.
1735
Calculate the highest common factor of 2090430396 and 108.
108
Calculate the highest common factor of 46218416 and 40.
8
What is the greatest common factor of 7 and 4391842?
7
What is the greatest common factor of 147 and 16761?
3
Calculate the highest common divisor of 70954 and 98176.
26
What is the highest common factor of 64 and 42575168?
64
What is the greatest common factor of 11259 and 27814734?
1251
Calculate the highest common divisor of 168 and 92753976.
168
What is the greatest common factor of 133794760 and 238?
34
What is the greatest common factor of 9647737 and 517?
517
What is the greatest common factor of 413716 and 692652?
1172
Calculate the greatest common divisor of 2699460 and 324.
108
Calculate the highest common factor of 13510 and 2606625.
35
What is the highest common factor of 591054 and 552?
138
Calculate the greatest common divisor of 4515 and 2042985.
105
Calculate the greatest common factor of 38374 and 896.
14
What is the highest common factor of 54151364 and 12?
4
What is the highest common divisor of 195429 and 6123?
39
Calculate the greatest common factor of 1464 and 109052872.
488
Calculate the highest common divisor of 518024 and 30242288.
2344
What is the greatest common divisor of 3425663 and 2?
1
What is the greatest common factor of 30438 and 1797856?
38
What is the highest common factor of 4645350 and 13689?
81
What is the greatest common divisor of 156993 and 59633?
1217
Calculate the greatest common divisor of 12933 and 228717.
27
What is the greatest common divisor of 1207360 and 29645?
2695
Calculate the greatest common factor of 6678994 and 10336.
646
Calculate the highest common divisor of 113 and 26066614.
113
Calculate the highest common divisor of 147320 and 229216.
232
What is the greatest common divisor of 86640 and 2568876?
4332
Calculate the highest common factor of 686924 and 5138.
14
Calculate the highest common divisor of 24924018 and 126.
42
What is the highest common factor of 49674 and 2754?
102
Calculate the highest common factor of 287005740 and 492.
492
Calculate the highest common factor of 14 and 482192865.
7
Calculate the highest common divisor of 119872 and 22400.
64
Calculate the highest common factor of 216 and 136872264.
24
Calculate the highest common factor of 9369595 and 1240.
155
Calculate the greatest common factor of 21184821 and 2835.
567
What is the greatest common divisor of 280968 and 1392?
24
Calculate the highest common divisor of 104 and 906616.
8
Calculate the highest common divisor of 2850861 and 150579.
507
What is the highest common factor of 45041 and 466835?
73
Calculate the greatest common factor of 1127 and 950012.
49
What is the highest common divisor of 550875 and 2775?
75
What is the highest common factor of 13350468 and 258?
258
What is the greatest common divisor of 292153680 and 52?
52
Calculate the highest common divisor of 448335 and 5125.
205
What is the highest common factor of 3641880 and 979?
979
Calculate the greatest common factor of 91140246 and 36.
18
Calculate the highest common divisor of 13965 and 25152960.
1995
What is the greatest common factor of 8281380 and 42976?
68
What is the greatest common divisor of 323 and 529584?
17
What is the greatest common factor of 30228730 and 46690?
2030
Calculate the greatest common factor of 12012 and 10153.
143
What is the greatest common divisor of 33634033 and 211?
211
What is the greatest common divisor of 8540130 and 120?
30
Calculate the highest common divisor of 207 and 3435904611.
207
Calculate the highest common factor of 132264 and 872.
8
What is the highest common factor of 2009 and 215672177?
2009
What is the greatest common divisor of 1 and 2114549?
1
What is the greatest common divisor of 246 and 269545767?
123
Calculate the highest common factor of 118 and 190486456.
118
Calculate the highest common factor of 626244 and 7008941.
2269
Calculate the greatest common divisor of 220 and 16012270.
10
What is the highest common divisor of 810 and 75915090?
270
What is the highest common factor of 247411801 and 91?
91
Calculate the greatest common factor of 10132432 and 10060.
2012
What is the greatest common divisor of 26159 and 1041411?
707
Calculate the greatest common factor of 16528 and 1219973.
1033
Calculate the greatest common factor of 223261 and 548573.
391
What is the greatest common factor of 597 and 1884?
3
What is the greatest common divisor of 1546864 and 215824?
752
What is the highest common divisor of 102 and 479026578?
102
What is the greatest common divisor of 82091 and 2175013?
797
Calculate the greatest common factor of 180156215 and 5.
5
Calculate the highest common factor of 6553275 and 690.
345
Calculate the highest common factor of 114143420 and 1160.
580
Calculate the highest common divisor of 326281 and 747065.
289
What is the highest common factor of 859677 and 429?
39
What is the highest common divisor of 219558 and 360898?
74
Calculate the highest common divisor of 127135 and 42065.
235
Calculate the highest common factor of 773 and 27329.
1
What is the highest common factor of 27208 and 77933915?
3401
Calculate the highest common divisor of 86430 and 8582370.
1290
Calculate the highest common divisor of 366606 and 376242.
438
What is the highest common factor of 18503092 and 8?
4
What is the highest common divisor of 7191 and 257748?
141
Calculate the greatest common divisor of 447210440 and 40.
40
Calculate the highest common factor of 645 and 275592805.
215
Calculate t